{"id":34,"date":"2021-01-31T01:10:06","date_gmt":"2021-01-30T22:10:06","guid":{"rendered":"http:\/\/site.zile.bel.tr\/?page_id=34"},"modified":"2021-02-12T14:35:36","modified_gmt":"2021-02-12T11:35:36","slug":"bilgi-edinme","status":"publish","type":"page","link":"http:\/\/site.zile.bel.tr\/index.php\/hizmetler\/e-belediye\/bilgi-edinme\/","title":{"rendered":"Bilgi Edinme"},"content":{"rendered":"<p><strong>Bilgi Edinme B\u00fcrosu Hakk\u0131nda<\/strong><\/p>\n<p>4982 say\u0131l\u0131\u00a0Bilgi Edinme Hakk\u0131 Kanunu\u00a0kapsam\u0131nda, belediyemizden bilgi veya belge talep edebilirsiniz. Yapaca\u011f\u0131n\u0131z ba\u015fvuru taraf\u0131m\u0131zca incelendikten sonra i\u015fleme al\u0131nacakt\u0131r.<\/p>\n<p><a href=\"https:\/\/www.cimer.gov.tr\/\" target=\"_blank\" rel=\"noopener\">Bilgi Edinme Ba\u015fvurusu \u0130\u00e7in\u00a0T\u0131klay\u0131n\u0131z.<\/a><\/p>\n","protected":false},"excerpt":{"rendered":"<p>Bilgi Edinme B\u00fcrosu Hakk\u0131nda 4982 say\u0131l\u0131\u00a0Bilgi Edinme Hakk\u0131 Kanunu\u00a0kapsam\u0131nda, belediyemizden bilgi veya belge talep edebilirsiniz. Yapaca\u011f\u0131n\u0131z ba\u015fvuru taraf\u0131m\u0131zca incelendikten sonra i\u015fleme al\u0131nacakt\u0131r. Bilgi Edinme Ba\u015fvurusu \u0130\u00e7in\u00a0T\u0131klay\u0131n\u0131z.<\/p>\n","protected":false},"author":1,"featured_media":0,"parent":32,"menu_order":0,"comment_status":"closed","ping_status":"closed","template":"","meta":{"footnotes":""},"class_list":["post-34","page","type-page","status-publish","hentry"],"_links":{"self":[{"href":"http:\/\/site.zile.bel.tr\/index.php\/wp-json\/wp\/v2\/pages\/34","targetHints":{"allow":["GET"]}}],"collection":[{"href":"http:\/\/site.zile.bel.tr\/index.php\/wp-json\/wp\/v2\/pages"}],"about":[{"href":"http:\/\/site.zile.bel.tr\/index.php\/wp-json\/wp\/v2\/types\/page"}],"author":[{"embeddable":true,"href":"http:\/\/site.zile.bel.tr\/index.php\/wp-json\/wp\/v2\/users\/1"}],"replies":[{"embeddable":true,"href":"http:\/\/site.zile.bel.tr\/index.php\/wp-json\/wp\/v2\/comments?post=34"}],"version-history":[{"count":2,"href":"http:\/\/site.zile.bel.tr\/index.php\/wp-json\/wp\/v2\/pages\/34\/revisions"}],"predecessor-version":[{"id":768,"href":"http:\/\/site.zile.bel.tr\/index.php\/wp-json\/wp\/v2\/pages\/34\/revisions\/768"}],"up":[{"embeddable":true,"href":"http:\/\/site.zile.bel.tr\/index.php\/wp-json\/wp\/v2\/pages\/32"}],"wp:attachment":[{"href":"http:\/\/site.zile.bel.tr\/index.php\/wp-json\/wp\/v2\/media?parent=34"}],"curies":[{"name":"wp","href":"https:\/\/api.w.org\/{rel}","templated":true}]}}