{"id":377,"date":"2021-02-05T23:57:20","date_gmt":"2021-02-05T20:57:20","guid":{"rendered":"http:\/\/site.zile.bel.tr\/?page_id=377"},"modified":"2026-04-09T11:56:06","modified_gmt":"2026-04-09T08:56:06","slug":"meclis-karar-ozetleri","status":"publish","type":"page","link":"http:\/\/site.zile.bel.tr\/index.php\/meclis-karar-ozetleri\/","title":{"rendered":"Meclis Karar \u00d6zetleri"},"content":{"rendered":"<p><a href=\"http:\/\/site.zile.bel.tr\/wp-content\/uploads\/2026\/04\/Nisan-Ayi-Meclis-Kararlari_compressed-1.pdf\">2026 Nisan Ay\u0131 Meclis Kararlar\u0131n\u0131 incelemek i\u00e7in t\u0131klay\u0131n\u0131z.<\/a><\/p>\n<p><a href=\"http:\/\/site.zile.bel.tr\/wp-content\/uploads\/2026\/03\/IMG_0006_compressed.pdf\">2026 Mart Ay\u0131 Meclis Kararlar\u0131n\u0131 incelemek i\u00e7in t\u0131klay\u0131n\u0131z.<\/a><\/p>\n<p><a href=\"http:\/\/site.zile.bel.tr\/wp-content\/uploads\/2026\/03\/Subat-Ayi-Meclis-Kararlari-1_compressed.pdf\">2026 \u015eubat Ay\u0131 Meclis Kararlar\u0131n\u0131 incelemek i\u00e7in t\u0131klay\u0131n\u0131z.<\/a><\/p>\n<p><a href=\"http:\/\/site.zile.bel.tr\/wp-content\/uploads\/2026\/01\/Ocak-Meclis.pdf\">2026 Ocak Ay\u0131 Meclis Kararlar\u0131n\u0131 incelemek i\u00e7in t\u0131klay\u0131n\u0131z.<\/a><\/p>\n<p><a href=\"http:\/\/site.zile.bel.tr\/wp-content\/uploads\/2026\/01\/2025-Aralik-Ayi-Meclis-Kararlari_compressed-2.pdf\">2025 Aral\u0131k Ay\u0131 Meclis Kararlar\u0131n\u0131 incelemek i\u00e7in t\u0131klay\u0131n\u0131z.<\/a><\/p>\n<p><a href=\"http:\/\/site.zile.bel.tr\/wp-content\/uploads\/2025\/11\/2025-Kasim-Ayi-Meclis-Kararlari-sikistirildi.pdf\">2025 Kas\u0131m Ay\u0131 Meclis Kararlar\u0131n\u0131 incelemek i\u00e7in t\u0131klay\u0131n\u0131z.<\/a><\/p>\n<p><a href=\"http:\/\/site.zile.bel.tr\/wp-content\/uploads\/2025\/10\/2025-Ekim-Ayi-Meclis-Kararlari.pdf\">2025 Ekim Ay\u0131 Meclis Kararlar\u0131n\u0131 incelemek i\u00e7in t\u0131klay\u0131n\u0131z.<\/a><\/p>\n<p><a href=\"http:\/\/site.zile.bel.tr\/wp-content\/uploads\/2025\/10\/2025-Yili-Eylul-Ayi-Meclis-Kararlari-1_compressed-1.pdf\">2025 Eyl\u00fcl Ay\u0131 Meclis Kararlar\u0131n\u0131 incelemek i\u00e7in t\u0131klay\u0131n\u0131z.<\/a><\/p>\n<p><a href=\"http:\/\/site.zile.bel.tr\/wp-content\/uploads\/2025\/07\/2025-Temmuz-ayi-Meclis-Kararlari_compressed.pdf\">2025 Temmuz Ay\u0131 Meclis Kararlar\u0131n\u0131 incelemek i\u00e7in t\u0131klay\u0131n\u0131z.<\/a><\/p>\n<p><a href=\"http:\/\/site.zile.bel.tr\/wp-content\/uploads\/2025\/06\/Haziran-Ayi-Meclis-Kararlari_compressed.pdf\">2025 Haziran Ay\u0131 Meclis Kararlar\u0131n\u0131 incelemek i\u00e7in t\u0131klay\u0131n\u0131z.<\/a><\/p>\n<p><a href=\"http:\/\/site.zile.bel.tr\/wp-content\/uploads\/2025\/05\/2025-Mayis-Ayi-Meclis-Kararlari_compressed-2.pdf\">2025 May\u0131s Ay\u0131 Meclis Kararlar\u0131n\u0131 \u0130ncelemek i\u00e7in t\u0131klay\u0131n\u0131z.<\/a><\/p>\n<p><a href=\"http:\/\/site.zile.bel.tr\/wp-content\/uploads\/2025\/04\/2025-Nisan-Ayi-Meclis-Toplantisi_compressed.pdf\">2025 Nisan Ay\u0131 Meclis Kararlar\u0131n\u0131 \u0130ncelemek i\u00e7in t\u0131klay\u0131n\u0131z.<\/a><\/p>\n<p><a href=\"http:\/\/site.zile.bel.tr\/wp-content\/uploads\/2025\/03\/IMG_0003_compressed.pdf\">2025 Mart Ay\u0131 Meclis Kararlar\u0131n\u0131 incelemek i\u00e7in t\u0131klay\u0131n\u0131z.<\/a><\/p>\n<p><a href=\"http:\/\/site.zile.bel.tr\/wp-content\/uploads\/2025\/02\/Subat-Ayi-Meclis-Kararlari_compressed.pdf\">2025 \u015eubat Ay\u0131 Meclis Kararlar\u0131n\u0131 incelemek i\u00e7in t\u0131klay\u0131n\u0131z.<\/a><\/p>\n<p><a href=\"http:\/\/site.zile.bel.tr\/wp-content\/uploads\/2025\/01\/Ocak-Ayi-Meclis-Kararlari_compressed.pdf\">2025 Ocak Ay\u0131 Meclis Kararlar\u0131n\u0131 incelemek i\u00e7in t\u0131klay\u0131n\u0131z.<\/a><\/p>\n<p><a href=\"http:\/\/site.zile.bel.tr\/wp-content\/uploads\/2024\/12\/Aralik-Ayi-Meclis-Kararlari_compressed.pdf\">2024 Aral\u0131k Ay\u0131 Meclis Kararlar\u0131n\u0131 incelemek i\u00e7in t\u0131klay\u0131n\u0131z.<\/a><\/p>\n<p><a href=\"http:\/\/site.zile.bel.tr\/wp-content\/uploads\/2024\/12\/Kasim-Ayi-2024-Meclis-Kararlari_compressed-sikistirilmis.pdf\">2024 Kas\u0131m Ay\u0131 Meclis Kararlar\u0131n\u0131 incelemek i\u00e7in t\u0131klay\u0131n\u0131z.<\/a><\/p>\n<p><a href=\"http:\/\/site.zile.bel.tr\/wp-content\/uploads\/2024\/12\/Ekim-Ayi-Meclis-Kararlari_compressed.pdf\">2024 Ekim Ay\u0131 Meclis Kararlar\u0131n\u0131 incelemek i\u00e7in t\u0131klay\u0131n\u0131z.<\/a><\/p>\n<p><a href=\"http:\/\/site.zile.bel.tr\/wp-content\/uploads\/2024\/10\/202410-meclis.pdf\" target=\"_blank\" rel=\"noopener\">2024 Eyl\u00fcl Ay\u0131 Meclis Kararlar\u0131n\u0131 incelemek i\u00e7in t\u0131klay\u0131n\u0131z.<\/a><\/p>\n<p><a href=\"http:\/\/site.zile.bel.tr\/wp-content\/uploads\/2024\/07\/202407.pdf\" target=\"_blank\" rel=\"noopener\">2024 Temmuz Ay\u0131 Meclis Kararlar\u0131n\u0131 incelemek i\u00e7in t\u0131klay\u0131n\u0131z.<\/a><\/p>\n<p><a href=\"http:\/\/site.zile.bel.tr\/wp-content\/uploads\/2024\/07\/202406.pdf\" target=\"_blank\" rel=\"noopener\">2024 Haziran Ay\u0131 Meclis Kararlar\u0131n\u0131 incelemek i\u00e7in t\u0131klay\u0131n\u0131z.<\/a><\/p>\n<p><a href=\"http:\/\/site.zile.bel.tr\/wp-content\/uploads\/2024\/12\/Mayis-Ayi-Meslis-Kararlari_compressed.pdf\">2024 May\u0131s Ay\u0131 Meclis Kararlar\u0131n\u0131 incelemek i\u00e7in t\u0131klay\u0131n\u0131z.<\/a><\/p>\n<p><a href=\"http:\/\/site.zile.bel.tr\/wp-content\/uploads\/2024\/04\/IMG_0001_compressed.pdf\">2024 Nisan Ay\u0131 Meclis Kararlar\u0131n\u0131 incelemek i\u00e7in t\u0131klay\u0131n\u0131z.<\/a><\/p>\n<p><a href=\"http:\/\/site.zile.bel.tr\/wp-content\/uploads\/2024\/03\/2024-Mart-Meclis-Kararlari.pdf\">2024 Mart Ay\u0131 Meclis Kararlar\u0131n\u0131 incelemek i\u00e7in t\u0131klay\u0131n\u0131z.<\/a><\/p>\n<p><a href=\"http:\/\/site.zile.bel.tr\/wp-content\/uploads\/2024\/02\/2024-Subat-Ayi-Meclis-Kararlari_compressed-1.pdf\">2024 \u015eubat Ay\u0131 Meclis Kararlar\u0131n\u0131 \u0130ncelemek i\u00e7in t\u0131klay\u0131n\u0131z.<\/a><\/p>\n<p><a href=\"http:\/\/site.zile.bel.tr\/wp-content\/uploads\/2024\/02\/2024-ocak-ek.pdf\" target=\"_blank\" rel=\"noopener\">2024 Ocak Ay\u0131 Ola\u011fan\u00fcst\u00fc Meclis Kararlar\u0131n\u0131 incelemek i\u00e7in t\u0131klay\u0131n\u0131z.<\/a><\/p>\n<p><a href=\"http:\/\/site.zile.bel.tr\/wp-content\/uploads\/2024\/01\/ocak2024.pdf\" target=\"_blank\" rel=\"noopener\">2024 Ocak Ay\u0131 Meclis kararlar\u0131n\u0131 incelemek i\u00e7in t\u0131klay\u0131n\u0131z.<\/a><\/p>\n<p><a href=\"https:\/\/site.zile.bel.tr\/evrak\/Kasim2023.pdf\" target=\"_blank\" rel=\"noopener\">2023 Kas\u0131m Ay\u0131 Meclis kararlar\u0131n\u0131 incelemek i\u00e7in t\u0131klay\u0131n\u0131z.<\/a><\/p>\n<p><a href=\"https:\/\/site.zile.bel.tr\/evrak\/20231009.pdf\" target=\"_blank\" rel=\"noopener\">2023 Ekim Ay\u0131 Meclis kararlar\u0131n\u0131 incelemek i\u00e7in t\u0131klay\u0131n\u0131z.<\/a><\/p>\n<p><a href=\"http:\/\/site.zile.bel.tr\/wp-content\/uploads\/2023\/09\/eylul2023.pdf\" target=\"_blank\" rel=\"noopener\">2023 Eyl\u00fcl Ay\u0131 Meclis kararlar\u0131n\u0131 incelemek i\u00e7in t\u0131klay\u0131n\u0131z.<\/a><\/p>\n<p><a href=\"http:\/\/site.zile.bel.tr\/wp-content\/uploads\/2023\/08\/Agustos-Ayi-Olaganustu-Meclis-Kararlari_compressed.pdf\" target=\"_blank\" rel=\"noopener\">2023 A\u011fustos Ay\u0131 Ola\u011fan\u00fcst\u00fc Meclis Kararlar\u0131<\/a><\/p>\n<p><a href=\"http:\/\/site.zile.bel.tr\/wp-content\/uploads\/2023\/07\/Temmuz-Meclis-Kararlari.pdf\" target=\"_blank\" rel=\"noopener\">2023 Temmuz Ay\u0131 Meclis kararlar\u0131n\u0131 incelemek i\u00e7in t\u0131klay\u0131n\u0131z.<\/a><\/p>\n<p><a href=\"http:\/\/site.zile.bel.tr\/wp-content\/uploads\/2023\/06\/Haziran-Ayi-Meclis-Kararlari-2023.pdf\">2023 Haziran Ay\u0131 Meclis kararlar\u0131n\u0131 incelemek i\u00e7in t\u0131klay\u0131n\u0131z.<\/a><\/p>\n<p><a href=\"http:\/\/site.zile.bel.tr\/wp-content\/uploads\/2023\/05\/Mayis-Ayi-Meclis-Kararlari_compressed.pdf\">2023 May\u0131s Ay\u0131 Meclis kararlar\u0131n\u0131 incelemek i\u00e7in t\u0131klay\u0131n\u0131z.<\/a><\/p>\n<p><a href=\"http:\/\/site.zile.bel.tr\/evrak\/202304.pdf\" target=\"_blank\" rel=\"noopener\">2023 Nisan Ay\u0131 Meclis karar\u0131n\u0131 incelemek i\u00e7in t\u0131klay\u0131n\u0131z.<\/a><\/p>\n<p><a href=\"http:\/\/site.zile.bel.tr\/wp-content\/uploads\/2023\/03\/12.pdf\">2023 Mart <\/a><a href=\"http:\/\/site.zile.bel.tr\/evrak\/202304.pdf\" target=\"_blank\" rel=\"noopener\">Ay\u0131<\/a><a href=\"http:\/\/site.zile.bel.tr\/wp-content\/uploads\/2023\/03\/12.pdf\"> Meclis karar\u0131n\u0131 incelemek i\u00e7in t\u0131klay\u0131n\u0131z.<\/a><\/p>\n<p><a href=\"http:\/\/site.zile.bel.tr\/wp-content\/uploads\/2023\/02\/S28BW-823020812030-SUBAT.pdf\">2023 \u015eubat <\/a><a href=\"http:\/\/site.zile.bel.tr\/evrak\/202304.pdf\" target=\"_blank\" rel=\"noopener\">Ay\u0131<\/a><a href=\"http:\/\/site.zile.bel.tr\/wp-content\/uploads\/2023\/02\/S28BW-823020812030-SUBAT.pdf\"> Meclis karar\u0131n\u0131 incelemek i\u00e7in t\u0131klay\u0131n\u0131z.<\/a><\/p>\n<p><a href=\"http:\/\/site.zile.bel.tr\/wp-content\/uploads\/2023\/02\/S28BW-823020914220-OCAK.pdf\">2023 Ocak <\/a><a href=\"http:\/\/site.zile.bel.tr\/evrak\/202304.pdf\" target=\"_blank\" rel=\"noopener\">Ay\u0131<\/a><a href=\"http:\/\/site.zile.bel.tr\/wp-content\/uploads\/2023\/02\/S28BW-823020914220-OCAK.pdf\"> Meclis karar\u0131n\u0131 incelemek i\u00e7in t\u0131klay\u0131n\u0131z.<\/a><\/p>\n<p><a href=\"http:\/\/site.zile.bel.tr\/wp-content\/uploads\/2022\/12\/S28BW-822121310000.pdf\">2022 Aral\u0131k Ay\u0131 Meclis karar\u0131n\u0131 incelemek i\u00e7in t\u0131klay\u0131n\u0131z.<\/a><\/p>\n<p><a href=\"http:\/\/site.zile.bel.tr\/wp-content\/uploads\/2022\/11\/S28BW-822110910250.pdf\">2022 Kas\u0131m Meclis karar\u0131n\u0131 incelemek i\u00e7in t\u0131klay\u0131n\u0131z.<\/a><\/p>\n<p><a href=\"http:\/\/site.zile.bel.tr\/wp-content\/uploads\/2022\/10\/S28BW-822101111450.pdf\">2022 Ekim Meclis karar\u0131n\u0131 incelemek i\u00e7in t\u0131klay\u0131n\u0131z.<\/a><\/p>\n<p><a href=\"http:\/\/site.zile.bel.tr\/wp-content\/uploads\/2022\/09\/S28BW-822092216300.pdf\">2022 Eyl\u00fcl Meclis karar\u0131n\u0131 incelemek i\u00e7in t\u0131klay\u0131n\u0131z.<\/a><\/p>\n<p><a href=\"http:\/\/site.zile.bel.tr\/wp-content\/uploads\/2022\/07\/meclis202207.pdf\" target=\"_blank\" rel=\"noopener\">2022 Temmuz Meclis karar\u0131n\u0131 incelemek i\u00e7in t\u0131klay\u0131n\u0131z.<\/a><\/p>\n<p><a href=\"http:\/\/site.zile.bel.tr\/wp-content\/uploads\/2022\/06\/HAZIRAN-MECLIS-2022.pdf\" target=\"_blank\" rel=\"noopener\">2022 Haziran Meclis karar\u0131n\u0131 incelemek i\u00e7in t\u0131klay\u0131n\u0131z.<\/a><\/p>\n<p><a href=\"http:\/\/site.zile.bel.tr\/wp-content\/uploads\/2022\/05\/20220505-MAYIS-AYI-MECLIS-KARARLARI.pdf\" target=\"_blank\" rel=\"noopener\">2022 May\u0131s Meclis karar\u0131n\u0131 incelemek i\u00e7in t\u0131klay\u0131n\u0131z.<\/a><\/p>\n<p><a href=\"http:\/\/site.zile.bel.tr\/wp-content\/uploads\/2022\/04\/NISAN-MECLIS-KARARLARI-28BW-822041211290.pdf\" target=\"_blank\" rel=\"noopener\">2022 Nisan Meclis kararlar\u0131n\u0131 incelemek i\u00e7in t\u0131klay\u0131n\u0131z.<\/a><\/p>\n<p><a href=\"http:\/\/site.zile.bel.tr\/wp-content\/uploads\/2022\/03\/2022-MART-MECLIS-KARARI.pdf\" target=\"_blank\" rel=\"noopener\">2022 Mart Meclis karar\u0131n\u0131 incelemek i\u00e7in t\u0131klay\u0131n\u0131z.<\/a><\/p>\n<p><a href=\"http:\/\/site.zile.bel.tr\/wp-content\/uploads\/2022\/03\/meclis-subat-2022.pdf\" target=\"_blank\" rel=\"noopener\">2022 \u015eubat Meclis karar\u0131n\u0131 incelemek i\u00e7in t\u0131klay\u0131n\u0131z.<\/a><\/p>\n<p><a href=\"http:\/\/site.zile.bel.tr\/wp-content\/uploads\/2022\/03\/ocak-meclis.pdf\" target=\"_blank\" rel=\"noopener\">2022 Ocak Meclis karar\u0131n\u0131 incelemek i\u00e7in t\u0131klay\u0131n\u0131z.<\/a><\/p>\n<p><a href=\"http:\/\/site.zile.bel.tr\/wp-content\/uploads\/2022\/01\/ARALIK-AYI-MECLIS-KARARLARI.pdf\" target=\"_blank\" rel=\"noopener\">2021 Aral\u0131k Meclis karar\u0131n\u0131 incelemek i\u00e7in t\u0131klay\u0131n\u0131z.<\/a><\/p>\n<p><a href=\"http:\/\/site.zile.bel.tr\/wp-content\/uploads\/2021\/12\/kasim-2021-meclis-kararlari.pdf\" target=\"_blank\" rel=\"noopener\">2021 Kas\u0131m Meclis karar\u0131n\u0131 incelemek i\u00e7in t\u0131klay\u0131n\u0131z.<\/a><\/p>\n<p><a href=\"http:\/\/site.zile.bel.tr\/wp-content\/uploads\/2021\/10\/ekim2021.pdf\" target=\"_blank\" rel=\"noopener\">2021 Ekim Meclis karar\u0131n\u0131 incelemek i\u00e7in t\u0131klay\u0131n\u0131z.<\/a><\/p>\n<p><a href=\"http:\/\/site.zile.bel.tr\/wp-content\/uploads\/2021\/09\/S28BW-821091710450.pdf\" target=\"_blank\" rel=\"noopener\">2021 Eyl\u00fcl Meclis karar\u0131n\u0131 incelemek i\u00e7in t\u0131klay\u0131n\u0131z.<\/a><\/p>\n<p><a href=\"http:\/\/site.zile.bel.tr\/wp-content\/uploads\/2021\/09\/Meclis-Temmuz.pdf\" target=\"_blank\" rel=\"noopener\">2021 Temmuz Meclis karar\u0131n\u0131 incelemek i\u00e7in t\u0131klay\u0131n\u0131z.<\/a><\/p>\n<p><a href=\"http:\/\/site.zile.bel.tr\/wp-content\/uploads\/2021\/06\/haziran2021.pdf\" target=\"_blank\" rel=\"noopener\">2021 Haziran Meclis karar\u0131n\u0131 incelemek i\u00e7in t\u0131klay\u0131n\u0131z.<\/a><\/p>\n<p><a href=\"http:\/\/site.zile.bel.tr\/evrak\/mayis-2021.pdf\" target=\"_blank\" rel=\"noopener\">2021 May\u0131s Meclis karar\u0131n\u0131 incelemek i\u00e7in t\u0131klay\u0131n\u0131z.<\/a><\/p>\n<p><a href=\"https:\/\/site.zile.bel.tr\/evrak\/2021nisan.pdf\" target=\"_blank\" rel=\"noopener\">2021 Nisan Meclis karar\u0131n\u0131 incelemek i\u00e7in t\u0131klay\u0131n\u0131z.<\/a><\/p>\n<p><a href=\"https:\/\/site.zile.bel.tr\/evrak\/2021mart.pdf\" target=\"_blank\" rel=\"noopener\">2021 Mart Meclis karar\u0131n\u0131 incelemek i\u00e7in t\u0131klay\u0131n\u0131z.<\/a><\/p>\n<p><a href=\"https:\/\/site.zile.bel.tr\/evrak\/2021subat.pdf\" target=\"_blank\" rel=\"noopener\">2021 \u015eubat Meclis karar\u0131n\u0131 incelemek i\u00e7in t\u0131klay\u0131n\u0131z.<\/a><\/p>\n<p><a href=\"https:\/\/site.zile.bel.tr\/evrak\/2021ocak.pdf\" target=\"_blank\" rel=\"noopener\">2021 Ocak Meclis karar\u0131n\u0131 incelemek i\u00e7in t\u0131klay\u0131n\u0131z.<\/a><\/p>\n<p><a href=\"http:\/\/zile.bel.tr\/mecliskarar\/202012.pdf\" target=\"_blank\" rel=\"noopener\">2020 Aral\u0131k Meclis karar\u0131n\u0131 incelemek i\u00e7in t\u0131klay\u0131n\u0131z.<\/a><\/p>\n<p><a href=\"http:\/\/zile.bel.tr\/mecliskarar\/202011.pdf\" target=\"_blank\" rel=\"noopener\">2020 Kas\u0131m Meclis karar\u0131n\u0131 incelemek i\u00e7in t\u0131klay\u0131n\u0131z.<br \/>\n<\/a><br \/>\n<a href=\"http:\/\/zile.bel.tr\/mecliskarar\/202010.pdf\" target=\"_blank\" rel=\"noopener\">2020 EKim Meslis karar\u0131n\u0131 incelemek i\u00e7in t\u0131klay\u0131n\u0131z.\u00a0<\/a><\/p>\n<p><a href=\"http:\/\/zile.bel.tr\/mecliskarar\/202009.pdf\" target=\"_blank\" rel=\"noopener\">2020 Eyl\u00fcl Meclis karar\u0131n\u0131 incelemek i\u00e7in t\u0131klay\u0131n\u0131z.<\/a><\/p>\n<p><a href=\"http:\/\/site.zile.bel.tr\/wp-content\/uploads\/2021\/06\/temmuz2020.pdf\" target=\"_blank\" rel=\"noopener\">2020 Temmuz Meclis Karar\u0131n\u0131 incelemek i\u00e7in t\u0131klay\u0131n\u0131z.<\/a><\/p>\n<p><a href=\"http:\/\/site.zile.bel.tr\/evrak\/may%C4%B1s2020.pdf\" target=\"_blank\" rel=\"noopener\">2020 May\u0131s Ek Meclis Karar\u0131n\u0131 incelemek i\u00e7in t\u0131klay\u0131n\u0131z.<\/a><\/p>\n<p><a href=\"http:\/\/site.zile.bel.tr\/evrak\/mart2020.pdf\" target=\"_blank\" rel=\"noopener\">2020 Mart Meclis Karar\u0131n\u0131 incelemek i\u00e7in t\u0131klay\u0131n\u0131z.<\/a><\/p>\n<p><a href=\"http:\/\/site.zile.bel.tr\/evrak\/subat2020.pdf\" target=\"_blank\" rel=\"noopener\">2020 \u015eubat Meclis Karar\u0131n\u0131 incelemek i\u00e7in t\u0131klay\u0131n\u0131z.<\/a><\/p>\n<p><a href=\"http:\/\/site.zile.bel.tr\/evrak\/ocak2020.pdf\" target=\"_blank\" rel=\"noopener\">2020 Ocak Meclis Karar\u0131n\u0131 incelemek i\u00e7in t\u0131klay\u0131n\u0131z.<\/a><\/p>\n<p><a href=\"http:\/\/site.zile.bel.tr\/evrak\/2019meclis-aralik.pdf\" target=\"_blank\" rel=\"noopener\">2019 Aral\u0131k Meclis Karar\u0131n\u0131 incelemek i\u00e7in t\u0131klay\u0131n\u0131z.\u00a0<\/a><\/p>\n<p><a href=\"http:\/\/site.zile.bel.tr\/evrak\/2019meclis-kas%C4%B1m.pdf\" target=\"_blank\" rel=\"noopener\">2019 Kas\u0131m Meclis Karar\u0131n\u0131 incelemek i\u00e7in t\u0131klay\u0131n\u0131z.<\/a><\/p>\n<p><a href=\"http:\/\/site.zile.bel.tr\/evrak\/2019meclis-ekim.pdf\" target=\"_blank\" rel=\"noopener\">2019 Ekim Meclis Karar\u0131n\u0131 incelemek i\u00e7in t\u0131klay\u0131n\u0131z.<\/a><\/p>\n<p><a href=\"http:\/\/site.zile.bel.tr\/evrak\/2019meclis-eyl%C3%BCl.pdf\" target=\"_blank\" rel=\"noopener\">2019 Eyl\u00fcl Meclis Karar\u0131n\u0131 incelemek i\u00e7in t\u0131klay\u0131n\u0131z.<\/a><\/p>\n<p><a href=\"http:\/\/site.zile.bel.tr\/evrak\/2019meclis-eylul-ek.pdf\" target=\"_blank\" rel=\"noopener\">2019 Eyl\u00fcl ola\u011fan\u00fcst\u00fc meclis karar\u0131n\u0131 incelemek i\u00e7in t\u0131klay\u0131n\u0131z.<\/a><\/p>\n<p><a href=\"http:\/\/site.zile.bel.tr\/evrak\/2019meclis-temmuz.pdf\" target=\"_blank\" rel=\"noopener\">2019 Temmuz Meclis karar\u0131n\u0131 incelemek i\u00e7in t\u0131klay\u0131n\u0131z.<\/a><\/p>\n<p><a href=\"http:\/\/site.zile.bel.tr\/evrak\/2019meclis-haziran.pdf\" target=\"_blank\" rel=\"noopener\">2019 Haziran Meclis Karar\u0131n\u0131 incelemek i\u00e7in t\u0131klay\u0131n\u0131z.<\/a><\/p>\n<p><a href=\"http:\/\/site.zile.bel.tr\/evrak\/2019meclis-mayis.pdf\" target=\"_blank\" rel=\"noopener\">2019 May\u0131s Meclis Karar\u0131n\u0131 incelemek i\u00e7in t\u0131klay\u0131n\u0131z.<\/a><\/p>\n<p><a href=\"http:\/\/site.zile.bel.tr\/evrak\/2019meclis-nisan.pdf\" target=\"_blank\" rel=\"noopener\">2019 Nisan Meclis karar\u0131n\u0131 incelemek i\u00e7in t\u0131klay\u0131n\u0131z.<\/a><\/p>\n","protected":false},"excerpt":{"rendered":"<p>2026 Nisan Ay\u0131 Meclis Kararlar\u0131n\u0131 incelemek i\u00e7in t\u0131klay\u0131n\u0131z. 2026 Mart Ay\u0131 Meclis Kararlar\u0131n\u0131 incelemek i\u00e7in t\u0131klay\u0131n\u0131z. 2026 \u015eubat Ay\u0131 Meclis Kararlar\u0131n\u0131 incelemek i\u00e7in t\u0131klay\u0131n\u0131z. 2026 Ocak Ay\u0131 Meclis Kararlar\u0131n\u0131 incelemek i\u00e7in t\u0131klay\u0131n\u0131z. 2025 Aral\u0131k Ay\u0131 Meclis Kararlar\u0131n\u0131 incelemek i\u00e7in t\u0131klay\u0131n\u0131z. 2025 Kas\u0131m Ay\u0131 Meclis Kararlar\u0131n\u0131 incelemek i\u00e7in t\u0131klay\u0131n\u0131z. 2025 Ekim Ay\u0131 Meclis Kararlar\u0131n\u0131 incelemek i\u00e7in [&hellip;]<\/p>\n","protected":false},"author":1,"featured_media":0,"parent":0,"menu_order":0,"comment_status":"closed","ping_status":"closed","template":"","meta":{"footnotes":""},"class_list":["post-377","page","type-page","status-publish","hentry"],"_links":{"self":[{"href":"http:\/\/site.zile.bel.tr\/index.php\/wp-json\/wp\/v2\/pages\/377","targetHints":{"allow":["GET"]}}],"collection":[{"href":"http:\/\/site.zile.bel.tr\/index.php\/wp-json\/wp\/v2\/pages"}],"about":[{"href":"http:\/\/site.zile.bel.tr\/index.php\/wp-json\/wp\/v2\/types\/page"}],"author":[{"embeddable":true,"href":"http:\/\/site.zile.bel.tr\/index.php\/wp-json\/wp\/v2\/users\/1"}],"replies":[{"embeddable":true,"href":"http:\/\/site.zile.bel.tr\/index.php\/wp-json\/wp\/v2\/comments?post=377"}],"version-history":[{"count":77,"href":"http:\/\/site.zile.bel.tr\/index.php\/wp-json\/wp\/v2\/pages\/377\/revisions"}],"predecessor-version":[{"id":14344,"href":"http:\/\/site.zile.bel.tr\/index.php\/wp-json\/wp\/v2\/pages\/377\/revisions\/14344"}],"wp:attachment":[{"href":"http:\/\/site.zile.bel.tr\/index.php\/wp-json\/wp\/v2\/media?parent=377"}],"curies":[{"name":"wp","href":"https:\/\/api.w.org\/{rel}","templated":true}]}}