{"id":680,"date":"2021-02-11T13:35:28","date_gmt":"2021-02-11T10:35:28","guid":{"rendered":"http:\/\/site.zile.bel.tr\/?page_id=680"},"modified":"2021-02-13T22:27:20","modified_gmt":"2021-02-13T19:27:20","slug":"yonergeler","status":"publish","type":"page","link":"http:\/\/site.zile.bel.tr\/index.php\/kurumsal\/kurumsal-yayin\/yonergeler\/","title":{"rendered":"Y\u00f6nergeler"},"content":{"rendered":"<p><a href=\"http:\/\/site.zile.bel.tr\/evrak\/takdir.pdf\" target=\"_blank\" rel=\"noopener\">\u00c7al\u0131\u015fanlar\u0131n Tan\u0131nmas\u0131, Takdir Edilmesi ve \u00d6d\u00fcllendirilmesine \u0130li\u015fkin Y\u00f6nerge<\/a><\/p>\n<p><a href=\"http:\/\/site.zile.bel.tr\/evrak\/performans.pdf\" target=\"_blank\" rel=\"noopener\">Yetkinlik Bazl\u0131 Performans De\u011ferlendirme Y\u00f6nergesi<\/a><\/p>\n","protected":false},"excerpt":{"rendered":"<p>\u00c7al\u0131\u015fanlar\u0131n Tan\u0131nmas\u0131, Takdir Edilmesi ve \u00d6d\u00fcllendirilmesine \u0130li\u015fkin Y\u00f6nerge Yetkinlik Bazl\u0131 Performans De\u011ferlendirme Y\u00f6nergesi<\/p>\n","protected":false},"author":1,"featured_media":0,"parent":22,"menu_order":0,"comment_status":"closed","ping_status":"closed","template":"","meta":{"footnotes":""},"class_list":["post-680","page","type-page","status-publish","hentry"],"_links":{"self":[{"href":"http:\/\/site.zile.bel.tr\/index.php\/wp-json\/wp\/v2\/pages\/680","targetHints":{"allow":["GET"]}}],"collection":[{"href":"http:\/\/site.zile.bel.tr\/index.php\/wp-json\/wp\/v2\/pages"}],"about":[{"href":"http:\/\/site.zile.bel.tr\/index.php\/wp-json\/wp\/v2\/types\/page"}],"author":[{"embeddable":true,"href":"http:\/\/site.zile.bel.tr\/index.php\/wp-json\/wp\/v2\/users\/1"}],"replies":[{"embeddable":true,"href":"http:\/\/site.zile.bel.tr\/index.php\/wp-json\/wp\/v2\/comments?post=680"}],"version-history":[{"count":3,"href":"http:\/\/site.zile.bel.tr\/index.php\/wp-json\/wp\/v2\/pages\/680\/revisions"}],"predecessor-version":[{"id":841,"href":"http:\/\/site.zile.bel.tr\/index.php\/wp-json\/wp\/v2\/pages\/680\/revisions\/841"}],"up":[{"embeddable":true,"href":"http:\/\/site.zile.bel.tr\/index.php\/wp-json\/wp\/v2\/pages\/22"}],"wp:attachment":[{"href":"http:\/\/site.zile.bel.tr\/index.php\/wp-json\/wp\/v2\/media?parent=680"}],"curies":[{"name":"wp","href":"https:\/\/api.w.org\/{rel}","templated":true}]}}