{"id":81,"date":"2021-01-31T01:19:26","date_gmt":"2021-01-30T22:19:26","guid":{"rendered":"http:\/\/site.zile.bel.tr\/?page_id=81"},"modified":"2026-04-09T11:49:52","modified_gmt":"2026-04-09T08:49:52","slug":"faaliyet-raporlari","status":"publish","type":"page","link":"http:\/\/site.zile.bel.tr\/index.php\/kurumsal\/kurumsal-yayin\/faaliyet-raporlari\/","title":{"rendered":"Faaliyet Raporlar\u0131"},"content":{"rendered":"<p><a href=\"http:\/\/site.zile.bel.tr\/wp-content\/uploads\/2026\/04\/2025-YILI-FAALIYET-RAPORU-26-50.pdf\">2025 Faaliyet raporu B incelemek i\u00e7in t\u0131klay\u0131n\u0131z.<\/a><\/p>\n<p><a href=\"http:\/\/site.zile.bel.tr\/wp-content\/uploads\/2026\/04\/2025-YILI-FAALIYET-RAPORU-1-25.pdf\">2025 Faaliyet raporu A incelemek i\u00e7in t\u0131klay\u0131n\u0131z.<\/a><\/p>\n<p><a href=\"http:\/\/site.zile.bel.tr\/wp-content\/uploads\/2025\/06\/2024-Yili-Faaliyet-Raporu-C_compressed.pdf\">2024 faaliyet raporu C incelemek i\u00e7in t\u0131klay\u0131n\u0131z.<\/a><\/p>\n<p><a href=\"http:\/\/site.zile.bel.tr\/wp-content\/uploads\/2025\/06\/2024-Yili-Faaliyet-Raporu-B_compressed.pdf\">2024 faaliyet raporu B incelemek i\u00e7in t\u0131klay\u0131n\u0131z.<\/a><\/p>\n<p><a href=\"http:\/\/site.zile.bel.tr\/wp-content\/uploads\/2025\/06\/2024-Yili-Faaliyet-Raporu-A_compressed.pdf\">2024 faaliyet raporu A incelemek i\u00e7in t\u0131klay\u0131n\u0131z.<\/a><\/p>\n<p><a href=\"http:\/\/site.zile.bel.tr\/wp-content\/uploads\/2025\/06\/2023-Yili-Faaliyet-Raporu-pdf-B_compressed.pdf\">2023 faaliyet raporu B incelemek i\u00e7in t\u0131klay\u0131n\u0131z.<\/a><\/p>\n<p><a href=\"http:\/\/site.zile.bel.tr\/wp-content\/uploads\/2025\/06\/2023-Yili-Faaliyet-Raporu-pdf-A_compressed.pdf\">2023 faaliyet raporu A incelemek i\u00e7in t\u0131klay\u0131n\u0131z.<\/a><\/p>\n<p><a href=\"http:\/\/site.zile.bel.tr\/wp-content\/uploads\/2025\/06\/2022-Yili-Faaliyet-Raporlari-B_compressed.pdf\">2022 faaliyet raporu B incelemek i\u00e7in t\u0131klay\u0131n\u0131z.<\/a><\/p>\n<p><a href=\"http:\/\/site.zile.bel.tr\/wp-content\/uploads\/2025\/06\/2022-Yili-Faaliyet-Raporlari-A_compressed.pdf\">2022 faaliyet raporu A incelemek i\u00e7in t\u0131klay\u0131n\u0131z.<\/a><\/p>\n<p><a href=\"http:\/\/site.zile.bel.tr\/wp-content\/uploads\/2022\/04\/k-2021-YILI-FAALIYET-RAPORU-S28BW-822041211450_compressed.pdf\" target=\"_blank\" rel=\"noopener\">2021 faaliyet raporunu incelemek i\u00e7in t\u0131klay\u0131n\u0131z.<\/a><\/p>\n<p><a href=\"https:\/\/site.zile.bel.tr\/evrak\/2020faaliyet.pdf\" target=\"_blank\" rel=\"noopener\">2020 faaliyet raporunu incelemek i\u00e7in t\u0131klay\u0131n\u0131z.<\/a><\/p>\n<p><a href=\"http:\/\/site.zile.bel.tr\/evrak\/2019faaliyet.pdf\" target=\"_blank\" rel=\"noopener\">2019 faaliyet raporunu incelemek i\u00e7in t\u0131klay\u0131n\u0131z.<\/a><\/p>\n<p><a href=\"http:\/\/site.zile.bel.tr\/evrak\/2018faaliyet.pdf\" target=\"_blank\" rel=\"noopener\">2018 faaliyet raporunu incelemek i\u00e7in t\u0131klay\u0131n\u0131z.<\/a><\/p>\n<p><a href=\"http:\/\/site.zile.bel.tr\/evrak\/2017faaliyet.pdf\" target=\"_blank\" rel=\"noopener\">2017 faaliyet raporunu incelemek i\u00e7in t\u0131klay\u0131n\u0131z.<\/a><\/p>\n<p><a href=\"http:\/\/site.zile.bel.tr\/evrak\/2016faaliyet.pdf\" target=\"_blank\" rel=\"noopener\">2016 faaliyet raporunu incelemek i\u00e7in t\u0131klay\u0131n\u0131z.<\/a><\/p>\n","protected":false},"excerpt":{"rendered":"<p>2025 Faaliyet raporu B incelemek i\u00e7in t\u0131klay\u0131n\u0131z. 2025 Faaliyet raporu A incelemek i\u00e7in t\u0131klay\u0131n\u0131z. 2024 faaliyet raporu C incelemek i\u00e7in t\u0131klay\u0131n\u0131z. 2024 faaliyet raporu B incelemek i\u00e7in t\u0131klay\u0131n\u0131z. 2024 faaliyet raporu A incelemek i\u00e7in t\u0131klay\u0131n\u0131z. 2023 faaliyet raporu B incelemek i\u00e7in t\u0131klay\u0131n\u0131z. 2023 faaliyet raporu A incelemek i\u00e7in t\u0131klay\u0131n\u0131z. 2022 faaliyet raporu B incelemek i\u00e7in [&hellip;]<\/p>\n","protected":false},"author":1,"featured_media":0,"parent":22,"menu_order":0,"comment_status":"closed","ping_status":"closed","template":"","meta":{"footnotes":""},"class_list":["post-81","page","type-page","status-publish","hentry"],"_links":{"self":[{"href":"http:\/\/site.zile.bel.tr\/index.php\/wp-json\/wp\/v2\/pages\/81","targetHints":{"allow":["GET"]}}],"collection":[{"href":"http:\/\/site.zile.bel.tr\/index.php\/wp-json\/wp\/v2\/pages"}],"about":[{"href":"http:\/\/site.zile.bel.tr\/index.php\/wp-json\/wp\/v2\/types\/page"}],"author":[{"embeddable":true,"href":"http:\/\/site.zile.bel.tr\/index.php\/wp-json\/wp\/v2\/users\/1"}],"replies":[{"embeddable":true,"href":"http:\/\/site.zile.bel.tr\/index.php\/wp-json\/wp\/v2\/comments?post=81"}],"version-history":[{"count":8,"href":"http:\/\/site.zile.bel.tr\/index.php\/wp-json\/wp\/v2\/pages\/81\/revisions"}],"predecessor-version":[{"id":14342,"href":"http:\/\/site.zile.bel.tr\/index.php\/wp-json\/wp\/v2\/pages\/81\/revisions\/14342"}],"up":[{"embeddable":true,"href":"http:\/\/site.zile.bel.tr\/index.php\/wp-json\/wp\/v2\/pages\/22"}],"wp:attachment":[{"href":"http:\/\/site.zile.bel.tr\/index.php\/wp-json\/wp\/v2\/media?parent=81"}],"curies":[{"name":"wp","href":"https:\/\/api.w.org\/{rel}","templated":true}]}}