{"id":429,"date":"2021-02-10T13:17:09","date_gmt":"2021-02-10T10:17:09","guid":{"rendered":"http:\/\/site.zile.bel.tr\/?page_id=429"},"modified":"2021-02-12T14:11:25","modified_gmt":"2021-02-12T11:11:25","slug":"mali-hizmetler-mudurlugu","status":"publish","type":"page","link":"https:\/\/site.zile.bel.tr\/index.php\/mali-hizmetler-mudurlugu\/","title":{"rendered":"Mali Hizmetler M\u00fcd\u00fcrl\u00fc\u011f\u00fc"},"content":{"rendered":"<p><img loading=\"lazy\" decoding=\"async\" class=\" wp-image-457 aligncenter\" src=\"http:\/\/site.zile.bel.tr\/wp-content\/uploads\/2021\/02\/YSR_5692-300x200.jpg\" alt=\"\" width=\"518\" height=\"344\" srcset=\"https:\/\/site.zile.bel.tr\/wp-content\/uploads\/2021\/02\/YSR_5692-300x200.jpg 300w, https:\/\/site.zile.bel.tr\/wp-content\/uploads\/2021\/02\/YSR_5692-768x512.jpg 768w, https:\/\/site.zile.bel.tr\/wp-content\/uploads\/2021\/02\/YSR_5692-1536x1024.jpg 1536w, https:\/\/site.zile.bel.tr\/wp-content\/uploads\/2021\/02\/YSR_5692-2048x1365.jpg 2048w\" sizes=\"auto, (max-width: 518px) 100vw, 518px\" \/><\/p>\n<table style=\"width: 100%; border-collapse: collapse; background-color: #266da3;\">\n<tbody>\n<tr>\n<td style=\"width: 100%; text-align: center;\"><span style=\"color: #ffffff;\"><strong style=\"text-align: center;\">Esma TEML\u0130O\u011eLU<\/strong><\/span><\/td>\n<\/tr>\n<\/tbody>\n<\/table>\n<p style=\"text-align: justify;\">1971 y\u0131l\u0131nda Sinop\u2019ta do\u011fan Esma TEML\u0130O\u011eLU ilk, orta ve lise \u00f6\u011frenimini \u0130stanbul \u00dcsk\u00fcdar\u2019da tamamlam\u0131\u015ft\u0131r. 1992 y\u0131l\u0131nda Anadolu \u00dcniversitesi \u0130\u015fletme Fak\u00fcltesi \u0130\u015f \u0130daresi B\u00f6l\u00fcm\u00fcnden; 2014 y\u0131l\u0131nda Gaziosmanpa\u015fa \u00dcniversitesi Sosyal Bilimler Enstit\u00fcs\u00fc, \u0130\u015fletme Ana Bilim Dal\u0131 \u0130\u015fletme B\u00f6l\u00fcm\u00fcnden (Master Business Administration) master derecesiyle mezun olmu\u015ftur ve orta d\u00fczeyde \u0130ngilizce dil bilgisine sahiptir.<\/p>\n<p style=\"text-align: justify;\">1989 y\u0131l\u0131nda \u0130stanbul \u015ei\u015fli Vergi Dairesi M\u00fcd\u00fcrl\u00fc\u011f\u00fcnde maliye memuru olarak g\u00f6reve ba\u015flam\u0131\u015f, daha sonra \u0130stanbul Gayrettepe Vergi Dairesi M\u00fcd\u00fcrl\u00fc\u011f\u00fcnde \u00e7al\u0131\u015fmalar\u0131na devam etmi\u015ftir. 1998 y\u0131l\u0131nda Zile Mal m\u00fcd\u00fcrl\u00fc\u011f\u00fcne kendi iste\u011fi ile atanm\u0131\u015f ve burada Maliye Bakanl\u0131\u011f\u0131n\u0131n a\u00e7m\u0131\u015f oldu\u011fu s\u0131navlarda ba\u015far\u0131 g\u00f6stererek, s\u0131ras\u0131yla Defterdarl\u0131k Uzman\u0131 ve Muhasebe Yetkilisi unvanlar\u0131n\u0131 alm\u0131\u015ft\u0131r.<\/p>\n<p style=\"text-align: justify;\">03.02.2020 tarihinde Zile Mal m\u00fcd\u00fcrl\u00fc\u011f\u00fcndeki g\u00f6revinden ayr\u0131larak, Zile Belediye Ba\u015fkanl\u0131\u011f\u0131na Mali Hizmetler M\u00fcd\u00fcr\u00fc olarak hizmet vermek \u00fczere atanm\u0131\u015ft\u0131r.<\/p>\n<p style=\"text-align: justify;\">Evli ve iki \u00e7ocuk annesidir.<\/p>\n<table style=\"width: 100%; border-collapse: collapse; background-color: #266da3;\">\n<tbody>\n<tr>\n<td style=\"width: 100%; text-align: center;\"><a href=\"http:\/\/site.zile.bel.tr\/evrak\/mali-hizmetler.pdf\" target=\"_blank\" rel=\"noopener\"><span style=\"color: #ffffff;\"><strong>Hizmet standartlar\u0131 i\u00e7in t\u0131klay\u0131n\u0131z.<\/strong><\/span><\/a><\/td>\n<\/tr>\n<\/tbody>\n<\/table>\n<p>&nbsp;<\/p>\n<table style=\"width: 100%; border-collapse: collapse; background-color: #266da3;\">\n<tbody>\n<tr>\n<td style=\"width: 33.3333%; text-align: center;\"><strong><span style=\"color: #ffffff;\">Telefon<\/span><\/strong><\/td>\n<td style=\"width: 33.3333%; text-align: center;\"><strong><span style=\"color: #ffffff;\">e-mail<\/span><\/strong><\/td>\n<td style=\"width: 33.3333%; text-align: center;\"><strong><span style=\"color: #ffffff;\">Adres<\/span><\/strong><\/td>\n<\/tr>\n<tr>\n<td style=\"width: 33.3333%; text-align: center;\"><span style=\"color: #ffffff;\">0356 317 50 80 &#8211; dahili 117<\/span><\/td>\n<td style=\"width: 33.3333%; text-align: center;\"><span style=\"color: #ffffff;\">muhasebe@zile.bel.tr<\/span><\/td>\n<td style=\"width: 33.3333%; text-align: center;\"><span style=\"color: #ffffff;\">Dutlup\u0131nar Mah. Amasya Cad. No:1\u00a0<\/span><\/td>\n<\/tr>\n<\/tbody>\n<\/table>\n<p><iframe loading=\"lazy\" style=\"border: 0;\" tabindex=\"0\" src=\"https:\/\/www.google.com\/maps\/embed?pb=!1m18!1m12!1m3!1d3042.800968523709!2d35.88445131535217!3d40.302377979378605!2m3!1f0!2f0!3f0!3m2!1i1024!2i768!4f13.1!3m3!1m2!1s0x407dfb0e5d736887%3A0x1e3771566921de4e!2sZile%20Belediyesi!5e0!3m2!1str!2str!4v1612964998115!5m2!1str!2str\" width=\"800\" height=\"450\" frameborder=\"0\" allowfullscreen=\"allowfullscreen\" aria-hidden=\"false\"><span data-mce-type=\"bookmark\" style=\"display: inline-block; width: 0px; overflow: hidden; line-height: 0;\" class=\"mce_SELRES_start\">\ufeff<\/span><span data-mce-type=\"bookmark\" style=\"display: inline-block; width: 0px; overflow: hidden; line-height: 0;\" class=\"mce_SELRES_start\">\ufeff<\/span><\/iframe><\/p>\n","protected":false},"excerpt":{"rendered":"<p>Esma TEML\u0130O\u011eLU 1971 y\u0131l\u0131nda Sinop\u2019ta do\u011fan Esma TEML\u0130O\u011eLU ilk, orta ve lise \u00f6\u011frenimini \u0130stanbul \u00dcsk\u00fcdar\u2019da tamamlam\u0131\u015ft\u0131r. 1992 y\u0131l\u0131nda Anadolu \u00dcniversitesi \u0130\u015fletme Fak\u00fcltesi \u0130\u015f \u0130daresi B\u00f6l\u00fcm\u00fcnden; 2014 y\u0131l\u0131nda Gaziosmanpa\u015fa \u00dcniversitesi Sosyal Bilimler Enstit\u00fcs\u00fc, \u0130\u015fletme Ana Bilim Dal\u0131 \u0130\u015fletme B\u00f6l\u00fcm\u00fcnden (Master Business Administration) master derecesiyle mezun olmu\u015ftur ve orta d\u00fczeyde \u0130ngilizce dil bilgisine sahiptir. 1989 y\u0131l\u0131nda \u0130stanbul [&hellip;]<\/p>\n","protected":false},"author":1,"featured_media":0,"parent":0,"menu_order":0,"comment_status":"closed","ping_status":"closed","template":"","meta":{"footnotes":""},"class_list":["post-429","page","type-page","status-publish","hentry"],"_links":{"self":[{"href":"https:\/\/site.zile.bel.tr\/index.php\/wp-json\/wp\/v2\/pages\/429","targetHints":{"allow":["GET"]}}],"collection":[{"href":"https:\/\/site.zile.bel.tr\/index.php\/wp-json\/wp\/v2\/pages"}],"about":[{"href":"https:\/\/site.zile.bel.tr\/index.php\/wp-json\/wp\/v2\/types\/page"}],"author":[{"embeddable":true,"href":"https:\/\/site.zile.bel.tr\/index.php\/wp-json\/wp\/v2\/users\/1"}],"replies":[{"embeddable":true,"href":"https:\/\/site.zile.bel.tr\/index.php\/wp-json\/wp\/v2\/comments?post=429"}],"version-history":[{"count":9,"href":"https:\/\/site.zile.bel.tr\/index.php\/wp-json\/wp\/v2\/pages\/429\/revisions"}],"predecessor-version":[{"id":754,"href":"https:\/\/site.zile.bel.tr\/index.php\/wp-json\/wp\/v2\/pages\/429\/revisions\/754"}],"wp:attachment":[{"href":"https:\/\/site.zile.bel.tr\/index.php\/wp-json\/wp\/v2\/media?parent=429"}],"curies":[{"name":"wp","href":"https:\/\/api.w.org\/{rel}","templated":true}]}}

Mali Hizmetler Müdürlüğü

<p><img loading="lazy" decoding="async" class=" wp-image-457 aligncenter" src="http://site.zile.bel.tr/wp-content/uploads/2021/02/YSR_5692-300x200.jpg" alt="" width="518" height="344" srcset="https://site.zile.bel.tr/wp-content/uploads/2021/02/YSR_5692-300x200.jpg 300w, https://site.zile.bel.tr/wp-content/uploads/2021/02/YSR_5692-768x512.jpg 768w, https://site.zile.bel.tr/wp-content/uploads/2021/02/YSR_5692-1536x1024.jpg 1536w, https://site.zile.bel.tr/wp-content/uploads/2021/02/YSR_5692-2048x1365.jpg 2048w" sizes="auto, (max-width: 518px) 100vw, 518px" /></p>
<table style="width: 100%; border-collapse: collapse; background-color: #266da3;">
<tbody>
<tr>
<td style="width: 100%; text-align: center;"><span style="color: #ffffff;"><strong style="text-align: center;">Esma TEMLİOĞLU</strong></span></td>
</tr>
</tbody>
</table>
<p style="text-align: justify;">1971 yılında Sinop’ta doğan Esma TEMLİOĞLU ilk, orta ve lise öğrenimini İstanbul Üsküdar’da tamamlamıştır. 1992 yılında Anadolu Üniversitesi İşletme Fakültesi İş İdaresi Bölümünden; 2014 yılında Gaziosmanpaşa Üniversitesi Sosyal Bilimler Enstitüsü, İşletme Ana Bilim Dalı İşletme Bölümünden (Master Business Administration) master derecesiyle mezun olmuştur ve orta düzeyde İngilizce dil bilgisine sahiptir.</p>
<p style="text-align: justify;">1989 yılında İstanbul Şişli Vergi Dairesi Müdürlüğünde maliye memuru olarak göreve başlamış, daha sonra İstanbul Gayrettepe Vergi Dairesi Müdürlüğünde çalışmalarına devam etmiştir. 1998 yılında Zile Mal müdürlüğüne kendi isteği ile atanmış ve burada Maliye Bakanlığının açmış olduğu sınavlarda başarı göstererek, sırasıyla Defterdarlık Uzmanı ve Muhasebe Yetkilisi unvanlarını almıştır.</p>
<p style="text-align: justify;">03.02.2020 tarihinde Zile Mal müdürlüğündeki görevinden ayrılarak, Zile Belediye Başkanlığına Mali Hizmetler Müdürü olarak hizmet vermek üzere atanmıştır.</p>
<p style="text-align: justify;">Evli ve iki çocuk annesidir.</p>
<table style="width: 100%; border-collapse: collapse; background-color: #266da3;">
<tbody>
<tr>
<td style="width: 100%; text-align: center;"><a href="http://site.zile.bel.tr/evrak/mali-hizmetler.pdf" target="_blank" rel="noopener"><span style="color: #ffffff;"><strong>Hizmet standartları için tıklayınız.</strong></span></a></td>
</tr>
</tbody>
</table>
<p>&nbsp;</p>
<table style="width: 100%; border-collapse: collapse; background-color: #266da3;">
<tbody>
<tr>
<td style="width: 33.3333%; text-align: center;"><strong><span style="color: #ffffff;">Telefon</span></strong></td>
<td style="width: 33.3333%; text-align: center;"><strong><span style="color: #ffffff;">e-mail</span></strong></td>
<td style="width: 33.3333%; text-align: center;"><strong><span style="color: #ffffff;">Adres</span></strong></td>
</tr>
<tr>
<td style="width: 33.3333%; text-align: center;"><span style="color: #ffffff;">0356 317 50 80 &#8211; dahili 117</span></td>
<td style="width: 33.3333%; text-align: center;"><span style="color: #ffffff;">muhasebe@zile.bel.tr</span></td>
<td style="width: 33.3333%; text-align: center;"><span style="color: #ffffff;">Dutlupınar Mah. Amasya Cad. No:1 </span></td>
</tr>
</tbody>
</table>
<p><iframe loading="lazy" style="border: 0;" tabindex="0" src="https://www.google.com/maps/embed?pb=!1m18!1m12!1m3!1d3042.800968523709!2d35.88445131535217!3d40.302377979378605!2m3!1f0!2f0!3f0!3m2!1i1024!2i768!4f13.1!3m3!1m2!1s0x407dfb0e5d736887%3A0x1e3771566921de4e!2sZile%20Belediyesi!5e0!3m2!1str!2str!4v1612964998115!5m2!1str!2str" width="800" height="450" frameborder="0" allowfullscreen="allowfullscreen" aria-hidden="false"><span data-mce-type="bookmark" style="display: inline-block; width: 0px; overflow: hidden; line-height: 0;" class="mce_SELRES_start">﻿</span><span data-mce-type="bookmark" style="display: inline-block; width: 0px; overflow: hidden; line-height: 0;" class="mce_SELRES_start">﻿</span></iframe></p>

<p>Esma TEMLİOĞLU 1971 yılında Sinop’ta doğan Esma TEMLİOĞLU ilk, orta ve lise öğrenimini İstanbul Üsküdar’da tamamlamıştır. 1992 yılında Anadolu Üniversitesi İşletme Fakültesi İş İdaresi Bölümünden; 2014 yılında Gaziosmanpaşa Üniversitesi Sosyal Bilimler Enstitüsü, İşletme Ana Bilim Dalı İşletme Bölümünden (Master Business Administration) master derecesiyle mezun olmuştur ve orta düzeyde İngilizce dil bilgisine sahiptir. 1989 yılında İstanbul [&hellip;]</p>
