{"id":519,"date":"2021-02-10T20:59:08","date_gmt":"2021-02-10T17:59:08","guid":{"rendered":"http:\/\/site.zile.bel.tr\/?page_id=519"},"modified":"2021-02-10T23:50:04","modified_gmt":"2021-02-10T20:50:04","slug":"imar-ve-bayindir-komisyonu","status":"publish","type":"page","link":"https:\/\/site.zile.bel.tr\/index.php\/kurumsal\/belediye-meclisi\/komisyonlar\/imar-ve-bayindir-komisyonu\/","title":{"rendered":"\u0130mar ve Bay\u0131nd\u0131rl\u0131k Komisyonu"},"content":{"rendered":"<table>\n<tbody>\n<tr>\n<td colspan=\"3\" width=\"755\"><strong>\u0130MAR VE BAYINDIRLIK KOM\u0130SYONU<\/strong><\/td>\n<\/tr>\n<tr>\n<td width=\"445\">Sami BELGE<\/td>\n<td width=\"252\">Komisyon Ba\u015fkan\u0131<\/td>\n<td width=\"59\"><\/td>\n<\/tr>\n<tr>\n<td width=\"445\">\u0130brahim CEYHAN<\/td>\n<td width=\"252\">\u00dcye<\/td>\n<td width=\"59\"><\/td>\n<\/tr>\n<tr>\n<td width=\"445\">B\u00fclent \u0130leri<\/td>\n<td width=\"252\">\u00dcye<\/td>\n<td width=\"59\"><\/td>\n<\/tr>\n<tr>\n<td width=\"445\">Nimet AKBIYIK OSMA<\/td>\n<td width=\"252\">\u00dcye<\/td>\n<td width=\"59\"><\/td>\n<\/tr>\n<tr>\n<td width=\"445\">Y\u0131lmaz GEZG\u0130N<\/td>\n<td width=\"252\">\u00dcye<\/td>\n<td width=\"59\"><\/td>\n<\/tr>\n<\/tbody>\n<\/table>\n","protected":false},"excerpt":{"rendered":"<p>\u0130MAR VE BAYINDIRLIK KOM\u0130SYONU Sami BELGE Komisyon Ba\u015fkan\u0131 \u0130brahim CEYHAN \u00dcye B\u00fclent \u0130leri \u00dcye Nimet AKBIYIK OSMA \u00dcye Y\u0131lmaz GEZG\u0130N \u00dcye<\/p>\n","protected":false},"author":1,"featured_media":0,"parent":375,"menu_order":0,"comment_status":"closed","ping_status":"closed","template":"","meta":{"footnotes":""},"class_list":["post-519","page","type-page","status-publish","hentry"],"_links":{"self":[{"href":"https:\/\/site.zile.bel.tr\/index.php\/wp-json\/wp\/v2\/pages\/519","targetHints":{"allow":["GET"]}}],"collection":[{"href":"https:\/\/site.zile.bel.tr\/index.php\/wp-json\/wp\/v2\/pages"}],"about":[{"href":"https:\/\/site.zile.bel.tr\/index.php\/wp-json\/wp\/v2\/types\/page"}],"author":[{"embeddable":true,"href":"https:\/\/site.zile.bel.tr\/index.php\/wp-json\/wp\/v2\/users\/1"}],"replies":[{"embeddable":true,"href":"https:\/\/site.zile.bel.tr\/index.php\/wp-json\/wp\/v2\/comments?post=519"}],"version-history":[{"count":4,"href":"https:\/\/site.zile.bel.tr\/index.php\/wp-json\/wp\/v2\/pages\/519\/revisions"}],"predecessor-version":[{"id":595,"href":"https:\/\/site.zile.bel.tr\/index.php\/wp-json\/wp\/v2\/pages\/519\/revisions\/595"}],"up":[{"embeddable":true,"href":"https:\/\/site.zile.bel.tr\/index.php\/wp-json\/wp\/v2\/pages\/375"}],"wp:attachment":[{"href":"https:\/\/site.zile.bel.tr\/index.php\/wp-json\/wp\/v2\/media?parent=519"}],"curies":[{"name":"wp","href":"https:\/\/api.w.org\/{rel}","templated":true}]}}