{"id":580,"date":"2021-02-10T23:01:09","date_gmt":"2021-02-10T20:01:09","guid":{"rendered":"http:\/\/site.zile.bel.tr\/?page_id=580"},"modified":"2021-05-17T14:05:05","modified_gmt":"2021-05-17T11:05:05","slug":"iletisim-ve-cozum-masasi","status":"publish","type":"page","link":"https:\/\/site.zile.bel.tr\/index.php\/iletisim-ve-cozum-masasi\/","title":{"rendered":"\u0130leti\u015fim ve \u00c7\u00f6z\u00fcm Masas\u0131"},"content":{"rendered":"<p><a href=\"http:\/\/site.zile.bel.tr\/index.php\/kurumsal\/kurumsal-yayin\/kurumsal-logo\/unnamed\/\" rel=\"attachment wp-att-2058\"><img loading=\"lazy\" decoding=\"async\" class=\"size-full wp-image-2058 aligncenter\" src=\"http:\/\/site.zile.bel.tr\/wp-content\/uploads\/2021\/05\/unnamed.jpg\" alt=\"\" width=\"509\" height=\"288\" srcset=\"https:\/\/site.zile.bel.tr\/wp-content\/uploads\/2021\/05\/unnamed.jpg 509w, https:\/\/site.zile.bel.tr\/wp-content\/uploads\/2021\/05\/unnamed-300x170.jpg 300w\" sizes=\"auto, (max-width: 509px) 100vw, 509px\" \/><\/a><\/p>\n","protected":false},"excerpt":{"rendered":"","protected":false},"author":1,"featured_media":0,"parent":0,"menu_order":0,"comment_status":"closed","ping_status":"closed","template":"","meta":{"footnotes":""},"class_list":["post-580","page","type-page","status-publish","hentry"],"_links":{"self":[{"href":"https:\/\/site.zile.bel.tr\/index.php\/wp-json\/wp\/v2\/pages\/580","targetHints":{"allow":["GET"]}}],"collection":[{"href":"https:\/\/site.zile.bel.tr\/index.php\/wp-json\/wp\/v2\/pages"}],"about":[{"href":"https:\/\/site.zile.bel.tr\/index.php\/wp-json\/wp\/v2\/types\/page"}],"author":[{"embeddable":true,"href":"https:\/\/site.zile.bel.tr\/index.php\/wp-json\/wp\/v2\/users\/1"}],"replies":[{"embeddable":true,"href":"https:\/\/site.zile.bel.tr\/index.php\/wp-json\/wp\/v2\/comments?post=580"}],"version-history":[{"count":3,"href":"https:\/\/site.zile.bel.tr\/index.php\/wp-json\/wp\/v2\/pages\/580\/revisions"}],"predecessor-version":[{"id":2063,"href":"https:\/\/site.zile.bel.tr\/index.php\/wp-json\/wp\/v2\/pages\/580\/revisions\/2063"}],"wp:attachment":[{"href":"https:\/\/site.zile.bel.tr\/index.php\/wp-json\/wp\/v2\/media?parent=580"}],"curies":[{"name":"wp","href":"https:\/\/api.w.org\/{rel}","templated":true}]}}