{"id":96,"date":"2021-01-31T01:32:46","date_gmt":"2021-01-30T22:32:46","guid":{"rendered":"http:\/\/site.zile.bel.tr\/?page_id=96"},"modified":"2021-02-12T20:46:48","modified_gmt":"2021-02-12T17:46:48","slug":"hakkimizda","status":"publish","type":"page","link":"https:\/\/site.zile.bel.tr\/index.php\/kurumsal\/hakkimizda\/","title":{"rendered":"Hakk\u0131m\u0131zda"},"content":{"rendered":"<p><strong><img loading=\"lazy\" decoding=\"async\" class=\"alignnone wp-image-774\" src=\"http:\/\/site.zile.bel.tr\/wp-content\/uploads\/2021\/02\/hakkimizda-300x97.jpg\" alt=\"\" width=\"875\" height=\"283\" srcset=\"https:\/\/site.zile.bel.tr\/wp-content\/uploads\/2021\/02\/hakkimizda-300x97.jpg 300w, https:\/\/site.zile.bel.tr\/wp-content\/uploads\/2021\/02\/hakkimizda-1024x330.jpg 1024w, https:\/\/site.zile.bel.tr\/wp-content\/uploads\/2021\/02\/hakkimizda-768x248.jpg 768w, https:\/\/site.zile.bel.tr\/wp-content\/uploads\/2021\/02\/hakkimizda-1536x495.jpg 1536w, https:\/\/site.zile.bel.tr\/wp-content\/uploads\/2021\/02\/hakkimizda.jpg 1600w\" sizes=\"auto, (max-width: 875px) 100vw, 875px\" \/><br \/>\nVizyonumuz<\/strong><\/p>\n<p>Y\u00fckselen kentsel canl\u0131l\u0131\u011fa sahip, ya\u015fanabilir bir Zile\u2026<\/p>\n<p><strong>Misyonumuz<\/strong><\/p>\n<p>Kat\u0131l\u0131m yoluyla iyi y\u00f6neti\u015fimi geli\u015ftirerek, sa\u011flam mali y\u00f6netim sa\u011flamak, \u00e7evresel uygulamalar\u0131n bilincinde, \u00e7al\u0131\u015fkanl\u0131k ve duyguda\u015fl\u0131k ile t\u00fcm topluma uygun maliyetli ve s\u00fcrd\u00fcr\u00fclebilir hizmetler sunan, kendini hizmete adam\u0131\u015f ve kurumsalla\u015fm\u0131\u015f bir belediye i\u015f g\u00fcc\u00fcne sahip olmak.<\/p>\n<p><strong>De\u011ferlerimiz<\/strong><\/p>\n<p>Vatanda\u015flara hizmet esin kayna\u011f\u0131m\u0131zd\u0131r. Topluluk geli\u015ftirme ve hizmet sunma aray\u0131\u015f\u0131ndaki g\u00fcc\u00fcm\u00fczd\u00fcr. Bu nedenle \u015funlara de\u011fer veriyoruz:<\/p>\n<ul>\n<li>Kapsay\u0131c\u0131l\u0131k<\/li>\n<li>Kat\u0131l\u0131mc\u0131l\u0131k<\/li>\n<li>Vatanda\u015f Odakl\u0131l\u0131k<\/li>\n<li>\u00c7\u00f6z\u00fcm Odakl\u0131l\u0131k<\/li>\n<li>Geli\u015fim ve De\u011fi\u015fik Odakl\u0131l\u0131k<\/li>\n<li>Verimlilik<\/li>\n<li>Uzmanl\u0131k<\/li>\n<li>Uygulamada M\u00fckemmellik<\/li>\n<li>Etkililik<\/li>\n<li>Hizmette m\u00fckemmellik<\/li>\n<li>Etik De\u011ferlere Ba\u011fl\u0131l\u0131k<\/li>\n<li>Gururla \u00e7al\u0131\u015fma<\/li>\n<li>B\u00fct\u00fcnl\u00fck<\/li>\n<li>Hesap Verebilirlik<\/li>\n<li>Saydaml\u0131k (\u015eeffafl\u0131k)<\/li>\n<li>G\u00fcvenilirlik<\/li>\n<li>D\u00fcr\u00fcstl\u00fck<\/li>\n<li>\u0130\u015fbirli\u011fi<\/li>\n<li>Sayg\u0131<\/li>\n<li>Toplumsal Sorumluluk<\/li>\n<li>\u0130leti\u015fime A\u00e7\u0131kl\u0131k-Yap\u0131c\u0131 Konu\u015fma<\/li>\n<li>Kalite<\/li>\n<li>Kaynak Y\u00f6netimi<\/li>\n<li>S\u00fcrekli \u00f6\u011frenme ve iyile\u015ftirme<\/li>\n<li>\u0130\u00e7ten Ba\u011fl\u0131l\u0131k<\/li>\n<li>Ba\u015far\u0131 i\u00e7in ortakl\u0131k (ekip \u00e7al\u0131\u015fmas\u0131)<\/li>\n<li>\u0130nsanlar\u0131n dengeli ekoloji hakk\u0131n\u0131n geli\u015ftirilmesi<\/li>\n<li>Ekonomik g\u00f6nencin ve sosyal adaletin geli\u015ftirilmesi<\/li>\n<\/ul>\n<p><strong>GEL\u0130\u015eT\u0130RME STRATEJ\u0130M\u0130Z<\/strong><\/p>\n<p>\u25a0 Belediyemizin kurumsalla\u015ft\u0131r\u0131lmas\u0131<\/p>\n<p>\u25a0T\u00fcm payda\u015flar\u0131n uyum i\u00e7inde kat\u0131labilece\u011fi, topluma kaliteli hizmetler sunan, dinamik bir belediye olmaya \u00e7al\u0131\u015f\u0131lmas\u0131<\/p>\n<p>\u25a0 Kapsaml\u0131 \u00e7evre y\u00f6netim sisteminin te\u015fvik edilmesi ve kurumsalla\u015ft\u0131r\u0131lmas\u0131&#8230;<\/p>\n<p>\u25a0 Etkili yerel y\u00f6neti\u015fim i\u00e7in belediyemizin geli\u015fimsel idari yeteneklerinin iyile\u015ftirilmesi<\/p>\n<p>\u25a0 Etkili liderlik, mali sorumluluk ve aktif ileti\u015fim yoluyla kentta\u015flar\u0131m\u0131z\u0131n ya\u015fam kalitesinin b\u00fcy\u00fct\u00fclmeye \u00e7al\u0131\u015f\u0131lmas\u0131<\/p>\n<p>\u25a0 T\u00fcm kalk\u0131nma alanlar\u0131nda kalk\u0131nma giri\u015fimlerimiz i\u00e7in payda\u015flar\u0131m\u0131z, STK&#8217;lar ve \u00f6zel sekt\u00f6rlerle belediyemizin ba\u011flar\u0131n\u0131n ve ba\u011flant\u0131lar\u0131n\u0131n g\u00fc\u00e7lendirilmesi<\/p>\n<p>\u25a0Her t\u00fcrden kullan\u0131c\u0131ya daha iyi eri\u015fim sa\u011flayan caddelerin, kald\u0131r\u0131mlar\u0131n ve ula\u015f\u0131m a\u011flar\u0131n\u0131n planlanmas\u0131, tasarlanmas\u0131 ve uygulanmas\u0131<\/p>\n<p>\u25a0 \u00c7evreyi koruyan politikalar ve y\u00f6netmeliklerin benimsenmesi ve geli\u015ftirilmesi (\u00e7evre y\u00f6netimi)<\/p>\n<p>\u25a0 S\u00fcrd\u00fcr\u00fclebilir turizmi te\u015fvik etmek i\u00e7in Ticaret Odalar\u0131, turizm dernekleri, \u00f6zel sekt\u00f6r ve di\u011fer \u00f6nemli payda\u015flarla s\u00fcrekli turizm i\u015fbirli\u011fi \u00e7abalar\u0131n\u0131n geli\u015ftirilmesi ve birlikte \u00e7al\u0131\u015f\u0131lmas\u0131<\/p>\n<p>\u25a0 Etkili ileti\u015fim yoluyla belediye ve kentta\u015flar\u0131m\u0131z aras\u0131nda kar\u015f\u0131l\u0131kl\u0131 g\u00fcven ve anlay\u0131\u015f\u0131n yarat\u0131lmas\u0131<\/p>\n<p>\u25a0 Belediyemiz kaynaklar\u0131n daha iyi ve etkin kullan\u0131lmas\u0131 ve mali a\u00e7\u0131dan sa\u011flam bir belediye olu\u015fturulmas\u0131<\/p>\n<p>\u25a0 Kentimizin fiziki ve be\u015feri altyap\u0131s\u0131n\u0131n olanaklar \u00f6l\u00e7\u00fcs\u00fcnde iyile\u015ftirilmesi ve yat\u0131r\u0131mc\u0131 g\u00fcveni olu\u015fturulmas\u0131<\/p>\n<p>\u25a0 Herkes i\u00e7in g\u00fcvenli bir ortam yarat\u0131lmas\u0131<\/p>\n<p>\u25a0 Canl\u0131 ve sa\u011fl\u0131kl\u0131 bir fiziksel, sosyal ve ekonomik \u00e7evre olu\u015fturmak i\u00e7in topluluk ve di\u011fer yerel y\u00f6netim birimleriyle i\u015fbirli\u011fi i\u00e7erisinde \u00e7al\u0131\u015f\u0131lmas\u0131, hizmetlerin; insan, do\u011fal ve ekonomik kaynaklarla tutarl\u0131, adil, sayg\u0131l\u0131 ve profesyonel bir \u015fekilde sa\u011flanmas\u0131<\/p>\n<p>\u25a0 Sakinlerimizin ya\u015fam kalitesinin iyile\u015ftirmesi i\u00e7in \u00e7al\u0131\u015f\u0131lmas\u0131<\/p>\n<p>\u25a0 Tarihi, k\u00fclt\u00fcrel ve \u00e7evresel varl\u0131klar\u0131m\u0131z\u0131n uygun \u015fekilde korunmas\u0131, tan\u0131t\u0131lmas\u0131 ve s\u00fcrd\u00fcr\u00fclebilirli\u011finin sa\u011flanmas\u0131<\/p>\n<p>\u25a0 Hizmet odakl\u0131 y\u00f6neti\u015fim yoluyla tarihi, k\u00fclt\u00fcrel ve do\u011fal miraslar\u0131n\u0131 besleyen ve kaynaklar\u0131n\u0131 s\u00fcrd\u00fcr\u00fclebilir bir \u015fekilde y\u00f6neten g\u00fc\u00e7lendirilmi\u015f, insanlarla bar\u0131\u015f\u00e7\u0131l ve b\u00fcy\u00fcyen bir tar\u0131m, turizm ve ticaret \u015fehri olma yolunda \u00e7al\u0131\u015farak, turist ve i\u015f dostu bir ortam\u0131n yarat\u0131lmas\u0131<\/p>\n<p>\u25a0 Toplum refah\u0131n\u0131 te\u015fvik etmek i\u00e7in iyi ve \u015feffaf bir kurumsal y\u00f6neti\u015fim uygulanmas\u0131, ya\u015fam kalitesini art\u0131r\u0131rken toplumun ihtiya\u00e7lar\u0131n\u0131 kar\u015f\u0131layan y\u00fcksek kaliteli ve profesyonel kamu hizmetleri sa\u011flayan bir kurum olmaya \u00e7al\u0131\u015f\u0131lmas\u0131<\/p>\n<p>\u25a0 Dezavantajl\u0131 gruplar\u0131n sorunlar\u0131n\u0131n giderilmesinde sorumluluk al\u0131nmas\u0131<\/p>\n","protected":false},"excerpt":{"rendered":"<p>Vizyonumuz Y\u00fckselen kentsel canl\u0131l\u0131\u011fa sahip, ya\u015fanabilir bir Zile\u2026 Misyonumuz Kat\u0131l\u0131m yoluyla iyi y\u00f6neti\u015fimi geli\u015ftirerek, sa\u011flam mali y\u00f6netim sa\u011flamak, \u00e7evresel uygulamalar\u0131n bilincinde, \u00e7al\u0131\u015fkanl\u0131k ve duyguda\u015fl\u0131k ile t\u00fcm topluma uygun maliyetli ve s\u00fcrd\u00fcr\u00fclebilir hizmetler sunan, kendini hizmete adam\u0131\u015f ve kurumsalla\u015fm\u0131\u015f bir belediye i\u015f g\u00fcc\u00fcne sahip olmak. De\u011ferlerimiz Vatanda\u015flara hizmet esin kayna\u011f\u0131m\u0131zd\u0131r. Topluluk geli\u015ftirme ve hizmet sunma aray\u0131\u015f\u0131ndaki [&hellip;]<\/p>\n","protected":false},"author":1,"featured_media":0,"parent":12,"menu_order":0,"comment_status":"closed","ping_status":"closed","template":"","meta":{"footnotes":""},"class_list":["post-96","page","type-page","status-publish","hentry"],"_links":{"self":[{"href":"https:\/\/site.zile.bel.tr\/index.php\/wp-json\/wp\/v2\/pages\/96","targetHints":{"allow":["GET"]}}],"collection":[{"href":"https:\/\/site.zile.bel.tr\/index.php\/wp-json\/wp\/v2\/pages"}],"about":[{"href":"https:\/\/site.zile.bel.tr\/index.php\/wp-json\/wp\/v2\/types\/page"}],"author":[{"embeddable":true,"href":"https:\/\/site.zile.bel.tr\/index.php\/wp-json\/wp\/v2\/users\/1"}],"replies":[{"embeddable":true,"href":"https:\/\/site.zile.bel.tr\/index.php\/wp-json\/wp\/v2\/comments?post=96"}],"version-history":[{"count":8,"href":"https:\/\/site.zile.bel.tr\/index.php\/wp-json\/wp\/v2\/pages\/96\/revisions"}],"predecessor-version":[{"id":776,"href":"https:\/\/site.zile.bel.tr\/index.php\/wp-json\/wp\/v2\/pages\/96\/revisions\/776"}],"up":[{"embeddable":true,"href":"https:\/\/site.zile.bel.tr\/index.php\/wp-json\/wp\/v2\/pages\/12"}],"wp:attachment":[{"href":"https:\/\/site.zile.bel.tr\/index.php\/wp-json\/wp\/v2\/media?parent=96"}],"curies":[{"name":"wp","href":"https:\/\/api.w.org\/{rel}","templated":true}]}}